ors of 2434?
2, 1217
What are the prime factors of 545?
5, 109
List the prime factors of 146208.
2, 3, 1523
List the prime factors of 1087.
1087
List the prime factors of 1861.
1861
What are the prime factors of 162?
2, 3
List the prime factors of 320.
2, 5
List the prime factors of 23979.
3, 7993
What are the prime factors of 1385?
5, 277
List the prime factors of 1663.
1663
List the prime factors of 20299.
53, 383
What are the prime factors of 1503?
3, 167
What are the prime factors of 299?
13, 23
List the prime factors of 52455.
3, 5, 13, 269
List the prime factors of 137.
137
List the prime factors of 11223.
3, 29, 43
List the prime factors of 960.
2, 3, 5
What are the prime factors of 228?
2, 3, 19
List the prime factors of 70214.
2, 35107
What are the prime factors of 18186?
2, 3, 7, 433
What are the prime factors of 555?
3, 5, 37
List the prime factors of 14922.
2, 3, 829
List the prime factors of 2005.
5, 401
What are the prime factors of 19372?
2, 29, 167
List the prime factors of 1500.
2, 3, 5
What are the prime factors of 6827?
6827
What are the prime factors of 28788?
2, 3, 2399
List the prime factors of 35167.
11, 23, 139
What are the prime factors of 3374?
2, 7, 241
What are the prime factors of 1347?
3, 449
What are the prime factors of 1086?
2, 3, 181
List the prime factors of 15089.
79, 191
What are the prime factors of 33004?
2, 37, 223
What are the prime factors of 3349?
17, 197
What are the prime factors of 2499?
3, 7, 17
List the prime factors of 967.
967
What are the prime factors of 30542?
2, 15271
List the prime factors of 10173.
3, 3391
List the prime factors of 32944.
2, 29, 71
List the prime factors of 278.
2, 139
List the prime factors of 2669.
17, 157
List the prime factors of 4605.
3, 5, 307
List the prime factors of 706.
2, 353
List the prime factors of 5021.
5021
What are the prime factors of 90105?
3, 5, 6007
List the prime factors of 3785.
5, 757
List the prime factors of 1643.
31, 53
What are the prime factors of 23?
23
What are the prime factors of 10387?
13, 17, 47
List the prime factors of 7257.
3, 41, 59
What are the prime factors of 444?
2, 3, 37
List the prime factors of 1365.
3, 5, 7, 13
What are the prime factors of 29975?
5, 11, 109
List the prime factors of 12221.
11, 101
List the prime factors of 1077.
3, 359
What are the prime factors of 1772?
2, 443
What are the prime factors of 56512?
2, 883
What are the prime factors of 715?
5, 11, 13
List the prime factors of 789.
3, 263
What are the prime factors of 13703?
71, 193
List the prime factors of 241.
241
List the prime factors of 20932.
2, 5233
What are the prime factors of 18069?
3, 19, 317
What are the prime factors of 728?
2, 7, 13
List the prime factors of 4457.
4457
List the prime factors of 52742.
2, 26371
What are the prime factors of 23530?
2, 5, 13, 181
List the prime factors of 2005.
5, 401
What are the prime factors of 12721?
12721
List the prime factors of 16761.
3, 37, 151
List the prime factors of 73581.
3, 24527
List the prime factors of 42673.
139, 307
List the prime factors of 210.
2, 3, 5, 7
List the prime factors of 6370.
2, 5, 7, 13
What are the prime factors of 12209?
29, 421
What are the prime factors of 2204?
2, 19, 29
List the prime factors of 8772.
2, 3, 17, 43
List the prime factors of 9780.
2, 3, 5, 163
List the prime factors of 41766.
2, 3, 6961
What are the prime factors of 1828?
2, 457
What are the prime factors of 4481?
4481
List the prime factors of 131.
131
List the prime factors of 847.
7, 11
What are the prime factors of 22898?
2, 107
List the prime factors of 191.
191
List the prime factors of 2264.
2, 283
List the prime factors of 636.
2, 3, 53
What are the prime factors of 2700?
2, 3, 5
What are the prime factors of 15085?
5, 7, 431
List the prime factors of 8350.
2, 5, 167
List the prime factors of 93308.
2, 23327
List the prime factors of 2847.
3, 13, 73
List the prime factors of 913.
11, 83
List the prime factors of 7091.
7, 1013
What are the prime factors of 49404?
2, 3, 23, 179
What are the prime factors of 1436?
2, 359
What are the prime factors of 4050?
2, 3, 5
List the prime factors of 5197.
5197
List the prime factors of 552.
2, 3, 23
List the prime factors of 27414.
2, 3, 1523
What are the prime factors of 611?
13, 47
What are the prime factors of 4871?
4871
What are the prime factors of 750?
2, 3, 5
List the prime factors of 7818.
2, 3, 1303
List the prime factors of 29251.
29251
What are the prime factors of 595?
5, 7, 17
List the prime factors of 10197.
3, 11, 103
List the prime factors of 119847.
3, 7, 13, 439
List the prime factors of 3288.
2, 3, 137
What are the prime factors of 1067?
11, 97
What are the prime factors of 6462?
2, 3, 359
What are the prime factors of 71957?
47, 1531
What are the prime factors of 2170?
2, 5, 7, 31
What are the prime factors of 70317?
3, 13, 601
What are the prime factors of 6489?
3, 7, 103
List the prime factors of 858.
2, 3, 11, 13
List the prime factors of 5668.
2, 13, 109
List the prime factors of 49101.
3, 13, 1259
What are the prime factors of 57515?
5, 11503
List the prime factors of 61335.
3, 5, 29, 47
What are the prime factors of 968?
2, 11
What are the prime factors of 66575?
5, 2663
List the prime factors of 7695.
3, 5, 19
What are the prime factors of 576?
2, 3
List the prime factors of 5404.
2, 7, 193
What are the prime factors of 3610?
2, 5, 19
List the prime factors of 15693.
3, 5231
List the prime factors of 14602.
2, 7, 149
What are the prime factors of 25437?
3, 61, 139
What are the prime factors of 1862?
2, 7, 19
List the prime factors of 4486.
2, 2243
What are the prime factors of 11937?
3, 23, 173
What are the prime factors of 76?
2, 19
List the prime factors of 1952.
2, 61
List the prime factors of 92.
2, 23
List the prime factors of 1380.
2, 3, 5, 23
What are the prime factors of 51399?
3, 5711
List the prime factors of 41323.
31, 43
List the prime factors of 120475.
5, 61, 79
What are the prime factors of 678?
2, 3, 113
What are the prime factors of 15836?
2, 37, 107
List the prime factors of 483.
3, 7, 23
What are the prime factors of 738?
2, 3, 41
What are the prime factors of 1112?
2, 139
What are the prime factors of 18328?
2, 29, 79
List the prime factors of 1008.
2, 3, 7
List the prime factors of 75146.
2, 37573
List the prime factors of 8800.
2, 5, 11
List the prime factors of 1679.
23, 73
List the prime factors of 41416.
2, 31, 167
What are the prime factors of 83?
83
List the prime factors of 5645.
5, 1129
What are the prime factors of 8187?
3, 2729
What are the prime factors of 23982?
2, 3, 7, 571
List the prime factors of 33806.
2, 16903
List the prime factors of 1715.
5, 7
What are the prime factors of 114089?
114089
What are the prime factors of 11406?
2, 3, 1901
What are the prime factors of 555?
3, 5, 37
List the prime factors of 448.
2, 7
What are the prime factors of 45854?
2, 101, 227
List the prime factors of 897.
3, 13, 23
List the prime factors of 111.
3, 37
What are the prime factors of 2768?
2, 173
List the prime factors of 74811.
3, 11, 2267
What are the prime factors of 10780?
2, 5, 7, 11
What are the prime factors of 2256?
2, 3, 47
What are the prime factors of 4598?
2, 11, 19
List the prime factors of 485.
5, 97
What are the prime factors of 86705?
5, 17341
What are the prime factors of 27461?
7, 3923
What are the prime factors of 5744?
2, 359
What are the prime factors of 1812?
2, 3, 151
What are the prime factors of 11873?
31, 383
What are the prime factors of 1132?
2, 283
List the prime factors of 221.
13, 17
What are the prime factors of 119?
7, 17
List the prime factors of 20884.
2, 23, 227
List the prime factors of 27978.
2, 3, 4663
What are the prime factors of 12485?
5, 11, 227
What are the prime factors of 932?
2, 233
List the prime factors of 34947.
3, 11, 353
What are the prime factors of 49988?
2, 12497
List the prime factors of 494.
2, 13, 19
List the prime factors of 328.
2, 41
What are the prime factors of 1123?
1123
What are the prime factors of 14632?
2, 31, 59
List the prime factors of 7740.
2, 3, 5, 43
What are the prime factors of 117261?
3, 43, 101
List the prime factors of 26109.
3, 967
List the prime factors of 19802.
2, 9901
List the prime factors of 21952.
2, 7
List the prime factors 